s divided by 10876?
1
What is the remainder when 26683 is divided by 407?
228
What is the remainder when 46855 is divided by 110?
105
Calculate the remainder when 8667 is divided by 789.
777
What is the remainder when 4612 is divided by 153?
22
Calculate the remainder when 66318 is divided by 63.
42
What is the remainder when 1972570 is divided by 109?
106
What is the remainder when 3021 is divided by 595?
46
Calculate the remainder when 2380 is divided by 127.
94
Calculate the remainder when 66578 is divided by 82.
76
What is the remainder when 91202 is divided by 151?
149
What is the remainder when 1093 is divided by 364?
1
Calculate the remainder when 12281 is divided by 456.
425
What is the remainder when 22954 is divided by 328?
322
Calculate the remainder when 122217 is divided by 679.
676
What is the remainder when 8399 is divided by 461?
101
Calculate the remainder when 72298 is divided by 64.
42
What is the remainder when 33230 is divided by 639?
2
Calculate the remainder when 3784 is divided by 15.
4
What is the remainder when 752486 is divided by 4?
2
Calculate the remainder when 1794 is divided by 1779.
15
What is the remainder when 16396 is divided by 8182?
32
Calculate the remainder when 58980 is divided by 1638.
12
Calculate the remainder when 78919 is divided by 9.
7
Calculate the remainder when 1647 is divided by 64.
47
Calculate the remainder when 2556 is divided by 117.
99
What is the remainder when 331937 is divided by 54?
53
Calculate the remainder when 31225 is divided by 244.
237
What is the remainder when 7039 is divided by 340?
239
What is the remainder when 738508 is divided by 103?
101
What is the remainder when 1919 is divided by 66?
5
What is the remainder when 2497 is divided by 433?
332
What is the remainder when 20356 is divided by 6775?
31
What is the remainder when 4293 is divided by 161?
107
Calculate the remainder when 5225 is divided by 16.
9
What is the remainder when 9747 is divided by 10?
7
What is the remainder when 15446 is divided by 5049?
299
Calculate the remainder when 116838 is divided by 67.
57
What is the remainder when 2011046 is divided by 793?
791
What is the remainder when 200278 is divided by 66740?
58
What is the remainder when 189442 is divided by 119?
113
What is the remainder when 47775 is divided by 23884?
7
Calculate the remainder when 7740 is divided by 3838.
64
Calculate the remainder when 4241 is divided by 127.
50
Calculate the remainder when 8531 is divided by 1375.
281
Calculate the remainder when 12164 is divided by 173.
54
What is the remainder when 16259 is divided by 3249?
14
Calculate the remainder when 38983 is divided by 108.
103
What is the remainder when 58319 is divided by 16?
15
What is the remainder when 24211 is divided by 8031?
118
What is the remainder when 756 is divided by 38?
34
What is the remainder when 132808 is divided by 6?
4
Calculate the remainder when 287398 is divided by 15.
13
What is the remainder when 24113 is divided by 3218?
1587
What is the remainder when 29511 is divided by 5901?
6
What is the remainder when 86288 is divided by 154?
48
Calculate the remainder when 2976 is divided by 1467.
42
What is the remainder when 2845 is divided by 6?
1
Calculate the remainder when 34410 is divided by 34394.
16
What is the remainder when 67504 is divided by 1250?
4
Calculate the remainder when 15990 is divided by 2653.
72
What is the remainder when 690714 is divided by 148?
146
What is the remainder when 2264 is divided by 334?
260
What is the remainder when 19973 is divided by 6654?
11
What is the remainder when 25436 is divided by 478?
102
Calculate the remainder when 3342 is divided by 629.
197
Calculate the remainder when 2971 is divided by 988.
7
What is the remainder when 14248 is divided by 3559?
12
Calculate the remainder when 22135 is divided by 853.
810
Calculate the remainder when 5366 is divided by 287.
200
Calculate the remainder when 13971 is divided by 6972.
27
Calculate the remainder when 24468 is divided by 2676.
384
What is the remainder when 9320 is divided by 1279?
367
What is the remainder when 64317 is divided by 213?
204
Calculate the remainder when 76814 is divided by 76799.
15
What is the remainder when 7041 is divided by 897?
762
What is the remainder when 8821 is divided by 233?
200
Calculate the remainder when 4361 is divided by 31.
21
Calculate the remainder when 30899 is divided by 309.
308
Calculate the remainder when 1259 is divided by 345.
224
What is the remainder when 15635 is divided by 5199?
38
Calculate the remainder when 228018 is divided by 263.
260
What is the remainder when 1179706 is divided by 111?
109
What is the remainder when 43248 is divided by 61?
60
Calculate the remainder when 37047 is divided by 12345.
12
What is the remainder when 418665 is divided by 242?
5
What is the remainder when 2122 is divided by 525?
22
What is the remainder when 3980 is divided by 326?
68
Calculate the remainder when 4640796 is divided by 20.
16
Calculate the remainder when 22686 is divided by 7512.
150
Calculate the remainder when 2761 is divided by 185.
171
Calculate the remainder when 208 is divided by 59.
31
What is the remainder when 7301 is divided by 1821?
17
Calculate the remainder when 389068 is divided by 129686.
10
What is the remainder when 12818 is divided by 1013?
662
What is the remainder when 1633 is divided by 341?
269
Calculate the remainder when 3146 is divided by 21.
17
What is the remainder when 2035976 is divided by 30?
26
Calculate the remainder when 1980597 is divided by 75.
72
Calculate the remainder when 108468 is divided by 1220.
1108
What is the remainder when 5232 is divided by 349?
346
Calculate the remainder when 765498 is divided by 64.
58
What is the remainder when 1041 is divided by 983?
58
Calculate the remainder when 3514 is divided by 259.
147
Calculate the remainder when 34722 is divided by 97.
93
What is the remainder when 2100 is divided by 975?
150
What is the remainder when 55949 is divided by 1301?
6
Calculate the remainder when 103166 is divided by 28.
14
What is the remainder when 2497 is divided by 449?
252
Calculate the remainder when 742479 is divided by 494.
491
Calculate the remainder when 9324 is divided by 598.
354
Calculate the remainder when 16178 is divided by 547.
315
What is the remainder when 266 is divided by 115?
36
What is the remainder when 126851 is divided by 999?
977
Calculate the remainder when 126656 is divided by 414.
386
What is the remainder when 553341 is divided by 262?
259
What is the remainder when 16804 is divided by 480?
4
Calculate the remainder when 4568 is divided by 85.
63
Calculate the remainder when 5606534 is divided by 806.
804
What is the remainder when 176569 is divided by 34?
7
Calculate the remainder when 247736 is divided by 99.
38
Calculate the remainder when 19269 is divided by 2314.
757
Calculate the remainder when 37229 is divided by 199.
16
Calculate the remainder when 149562 is divided by 7871.
13
What is the remainder when 1712 is divided by 350?
312
Calculate the remainder when 2847 is divided by 487.
412
Calculate the remainder when 2592791 is divided by 9.
8
Calculate the remainder when 12712 is divided by 747.
13
Calculate the remainder when 5690 is divided by 1657.
719
What is the remainder when 16064 is divided by 206?
202
Calculate the remainder when 44155 is divided by 23.
18
What is the remainder when 359145 is divided by 71827?
10
Calculate the remainder when 281050 is divided by 189.
7
Calculate the remainder when 3156 is divided by 7.
6
What is the remainder when 89659 is divided by 143?
141
Calculate the remainder when 40936 is divided by 333.
310
Calculate the remainder when 426125 is divided by 106526.
21
What is the remainder when 60593 is divided by 25?
18
Calculate the remainder when 12509 is divided by 123.
86
What is the remainder when 7353 is divided by 1046?
31
What is the remainder when 19514 is divided by 383?
364
What is the remainder when 11582007 is divided by 198?
195
Calculate the remainder when 11536 is divided by 11383.
153
Calculate the remainder when 25430 is divided by 5071.
75
What is the remainder when 2288874 is divided by 1122?
1116
What is the remainder when 27068 is divided by 188?
184
Calcu